+ (64 - (38 - 16) - (12 + 2)).
13
Calculate 61 - 4 - ((-14 - (-21 + 12)) + 5).
57
Evaluate 162 - 4 - (46 - -50).
62
What is the value of (-6 - (-2 - 28) - -3) + -57 + 56?
26
What is the value of 5 + (42 - 58) + 55?
44
Calculate 499 - 530 - (-18 - ((4 - 6) + -2)).
-17
-7 - (-30 + 1 + -142 + 197)
-33
What is 68 - (-61 + 9 + 63)?
57
What is -6 + 70 + 2 + (-9 - -5 - 7)?
55
What is the value of 5 + -2 - 12 - (7 - (-87 + 10 + -12))?
-105
Calculate 16 + (38 - -8) + -8 - 7.
47
Evaluate (162 - (86 + 66)) + (-81 + 3 - 0).
-68
(9 - (-51 + 43)) + 13
30
(-90 - -152) + -105 - 46
-89
What is the value of 1 + 1 - (-966 - -912)?
56
What is -46 + -1 + 2 + -159 + 165?
-39
What is the value of 6 + (55 - 9) + (-3 - -2) + (-31 - -25)?
45
Evaluate 4 - 24 - (41 + 42 + -84 - (-6 + 0)).
-25
What is the value of (-3 - -7 - (-17 + 3)) + 125 + -124?
19
What is 9 - (9 - -32 - 42)?
10
What is the value of 120 + (8 - 18) + 6 + (-9 - (15 + -5))?
97
Calculate (-14 - (-147 - (-66 - -35))) + 6.
108
Calculate (-18 - (-11 + 26 - 18)) + (3 - 19).
-31
What is -49 - (-1 + (-217 - -221 - (1 - 5)))?
-56
Evaluate 21 + 1 + 12 + -35 + 14 + 0.
13
What is the value of -125 + 235 + -89 - (-1 - (-2 - 92))?
-72
What is the value of 6 + (-25 - (-8 + -11)) + 13 + 80 + -2?
91
-25 + 42 + 35 - 111
-59
What is the value of (-21 + 20 + -11 + 5 - (13 + -8)) + -73?
-85
What is the value of 10 - (-37 + 2) - 26?
19
Evaluate 16 + (-1 + -30 - -21) - (3 + -22).
25
(-11 - -37 - -33) + 42 - 27
74
What is -102 + (-28 - -26) - -136?
32
Calculate -14 - (-6 + (-21 - -26)) - (-41 - -1).
27
6 + 71 + 11 + -44 + 26
70
Evaluate -6 + 7 + -4 - 0 - (-211 + 265).
-57
What is (-8 - (-25 - (-11 - (24 + -18)))) + -73?
-73
Calculate (5 - 2) + (77 - 88) + 17.
9
What is the value of -1 + -52 + (143 + -22 - 109) + -1 + -16?
-58
-7 - -105 - (0 - ((-27 - -20) + -9))
82
Calculate 9 - 8 - -11 - (19 - 54).
47
31 + 2 + 33 + -71
-5
Evaluate -25 + (-16 - (-15 - -16)) + -1 - 10.
-53
-1 + 15 - 9 - (-9 - -4) - 86 - 10
-86
What is -12 - (-34 + 16 + (-7 - 8 - -91))?
-70
What is the value of -1 + 1 - (117 + (-107 - 5))?
-5
What is 10 + -15 - (4 - 3 - 15 - (151 - 162))?
-2
What is -59 - (-61 + 38 - 64)?
28
Calculate -127 + (-13 - 0 - (-35 + (1 - -3))) + -9.
-118
What is -1 + (-89 - (-39 + -56) - (1 + -2 + 7))?
-1
Calculate (-238327 - -238237) + (-1 + 0 - (-11 + 0)).
-80
Calculate -563 + 536 - (1 + 4 + -32).
0
Evaluate 10 + (-53 - -55) + (10 - -3).
25
What is the value of 2444 - 2513 - (-3 - 35)?
-31
What is -11 + 25 + -73 + 21?
-38
What is 6 + -6 - -39 - 52?
-13
What is 7288 + -7241 + (-1 - 55)?
-9
Evaluate -15 - (24 - 18) - -14 - (0 - 9) - -40.
42
What is the value of -45 + (74 - 23 - 41)?
-35
Calculate (29 - -8) + 1 + 7 + (0 - 1) + -6.
38
(64 - (-54 + 73)) + -5 - (1 + (-11 - -1))
49
Calculate 4 + -5 - (-2 + -20) - (-1 - 2).
24
Calculate (-6454 - -6423) + (-14 - 1).
-46
What is (-1 - 61) + -244 + 290?
-16
Calculate ((-34 - -1) + 67 - -4) + -67.
-29
Evaluate (432 - 416 - ((-4 - 2) + 37)) + 11.
-4
What is (-22 - (-25 - 18)) + 59?
80
What is 104 + (6 - 52) + -110?
-52
Evaluate -3 + 9 + (4 - -16) + -33.
-7
2 - -4 - (-39 + -6) - (-117 + 123)
45
(1 - -19 - 24) + 39
35
What is the value of ((-2 - -2) + -30 - 3) + (-26 - (-19 - 16))?
-24
What is the value of 71 - (54 + (69 - 32))?
-20
Evaluate 4 + 1 + -14 - (-197 + 190) - (0 + 13).
-15
What is the value of -23 - (6 + -27) - (-8 - 2) - (-5 - -81)?
-68
Calculate -8 + 0 + (-67 - (19 - (22 - 6) - 14)).
-64
74 + (-30 - (30 - 26))
40
What is (-30 - (-37 + 27 + -7)) + (24 - 0)?
11
Calculate (7 - -65) + -56 + 78 + -9.
85
What is (-13 - -13) + 6 + (-1 - -6) - 18?
-7
Calculate -1 + -9 + -16 - (7 + -32 - -5).
-6
Calculate -8 - (-69 + (-100 - -104)).
57
What is -26 - (-36 - -39 - 42)?
13
Evaluate 4 + (49 - (8 - 5) - -2 - (15 - 16)).
53
What is the value of -39 + 0 + (33 + (-6 - 3) - 24)?
-39
(-51 - (26 + -73)) + -5 + 25
16
Calculate 44005 + -43958 + (-1 - 0) + -1.
45
-38 - -76 - (5 + -5) - (8 - -3)
27
Calculate (26 - 11) + -481 + 567.
101
972 + -877 + (-5 - 68)
22
What is the value of -5 + 60 + (1379 - 1410)?
24
What is -6 - -1 - ((-51 - -6) + (-19 - (0 + -28)))?
31
What is -55 + 49 + 38 + -1 + (-6 - -3)?
28
-11 - -77 - 54 - (-1 - -81 - -2)
-70
What is 29 + (0 - 108) + (68 - 105)?
-116
What is the value of (29 - (55 + -64)) + -3?
35
Evaluate (4367 - 4359) + 0 + -17.
-9
Calculate 57 - 115 - -10 - -24 - (-109 - -1).
84
Calculate (-1484 - -1427) + 125 + 6.
74
Calculate -71 - (-57 - (124 + 11)) - (2 - 7).
126
What is -41 + -74 + 133 - (-5 + 107)?
-84
What is the value of (-23 - (4 + -2 - 4)) + 10?
-11
What is -19 + 17 + 26 + -54?
-30
What is the value of 2776 - 2537 - (127 + 1)?
111
What is -77 - 14 - -76 - 45?
-60
Evaluate (-35 - -65) + -4 - -15.
41
Evaluate -16 + 96 + (43 - 97) + 19.
45
What is (-103 - -1) + -48 + 79 + -30 + 17?
-84
Evaluate -29 - (-9 - (76 + -58)).
-2
What is -5 + 21 + -5 - (10 - -4 - -14 - 48)?
31
Calculate -43 - (-70 - -44) - -1.
-16
Evaluate 385 - 402 - (0 - 38).
21
What is the value of (52 - 29 - 34) + 33 + 4?
26
Calculate -22 + 6 + -7 + 14 - (-10 + -75).
76
Calculate (13 - 18 - 4 - -48) + -9 + 6.
36
Calculate (-11 - -4) + (-31 - ((5 - -26) + 2)).
-71
What is (198 - 139) + (-5 - 56)?
-2
What is -31 - -46 - -43 - (18 - -13)?
27
What is the value of -27 + (-34 - (-63 - 0))?
2
Calculate 969 + -1038 - (1 + (-29 - -4) + 1).
-46
Evaluate (-324 - -264) + -11 + 103.
32
25 + (60 - 64 - (-2 - -35))
-12
Evaluate 33 - (2 + 0 - (-95 - -111)).
47
What is 44 + (10 - 29) + -121 + 29?
-67
Evaluate -91 + (-7 - ((-308 - -323) + (-1 - 15))).
-97
Evaluate (-170 - -209) + -52 + -4 + -65.
-82
What is the value of -104 - (-27 - (-5 + (-8 - -23) + -17))?
-84
(1 + -7 - (-226 + 211) - -8) + -11
6
What is the value of 90 - (34 - (120 + -94 + 49))?
131
What is 28 + 0 + (-31 - (90 + -100))?
7
What is the value of 36 - -2 - (3075 - 3063)?
26
What is the value of 3 + 15 - (-7 - -11) - (122 - 81)?
-27
What is the value of -2 + (-3 - -20) + -58?
-43
What is 1688 + -1777 - (-3 + -42)?
-44
Calculate 88 - (120 + -68 + 9).
27
What is the value of (152 + -76 - 58) + (1 - 4)?
15
Evaluate -41 + (27 + 101 - 63).
24
Calculate (27 - 44 - (3 + -14)) + -6 + 64.
52
Calculate 19 - (-19 + (61 - (-13 + -5))).
-41
Evaluate 8 + (-7 - (-11 - -7) - -3) - (10 - 8).
6
What is -36 - (8 + 3 - 26)?
-21
What is -12 + (-23 + -12 - (10 + 2 + -2 + -3))?
-54
73 - (4 - -15 - (20 + (-13 - -2)))
63
(-42 - (33 + -11)) + -22
-86
Evaluate -90 + 31 + 47 + -60 + (-2 - -5) + 2.
-67
Evaluate 43 + (39 - (38 + 37)).
7
9 + 5 + (1 - -1) + (181 - 189) + -39
-31
Evaluate -59 + -39 + 153 + -38.
17
Calculate 9 + -15 + -14 - 131 - -21 - -17.
-113
Calculate -38 - 2 - (-12 + (2 - -15) + -38 + 48).
-55
What is -5 + 8 + -15 - ((12 - (14 - 3)) + 4)?
-17
Evaluate 0 + -10 - ((1 + -8 + -3 - 7) + -15).
22
Calculate -29 + (-3 - (7 + (-3 - 3))) + -14.
-47
What is 19 + (37 - 64) + (-24 - -6)?
-26
What is the value of 2 + 3 + -23 + -12 - (95 + -82)?
-43
Evaluate -71 + (151 - 119) - 49.
-88
What is 18 + -10 + 7 + (19 + -15 - 7)?
12
Evaluate (25 - (82 - 35) - -39) + (1 - -39).
57
What is the value of 121 - 155 - (51 - -1) - (-1 - (-1 - 3))?
-89
What is the value of -25 + 3 - (-11 - (-22 + 91))?
58
Evaluate -53 - (0 - 10) - (-44 + 45 - (-3 - -2)).
-45
What is the value of 75 + -33 + -35 - -28?
35
What is -2 + -162 + -4291 + 4331?
-124
What is -68 + (2 - (23 + -17 - 21)) + 15?
-36
Calculate -21 - (0 - 0) - (-58 - (24 + -83)).
-22
1 - (32 + -12 + -12 + -11)
4
Evaluate 27 + -1 + 1 + (-158 + 132 - (-19 + 0)).
20
What is (19 + -6 - 61 - -12 - -1) + 17?
-18
(7 - (19 + -4)) + -9 + 0
-17
Evaluate 8 - (22 - (39 + 5) - 8).
38
What is 2 - 6 - (425 - 409)?
-20
Calculate -14 + (12 + -4 + -5 + 3 - (16 - 7)).
-17
What is the value of 128 + -22 + 10 + -62?
54
What is the value of (-108 - -96) + -4 + (-4 - -14) + -56 + 3?
-59
What is the value of 21 + 0 - (-2 + (-9 - (-3 + -5 + 4)))?
28
What is the value of 33 + -71 - (30 + -16 - 59)?
7
Evaluate (11 + (-18 - -13) - -8) + -13.
1
11 + -53 + (-76 - -178)
60
1 - (-2 - 85) - ((-55 - -27) + (-9 - -31))
94
-10 + (-1 - (0 + -4)) + 305 + -337
-39
Calculate 143 + (135 - 284) + 85.
79
What is 103 - (120 + -42) - 12?
13
Evaluate -64 + (72 - 37) - -41.
12
Evaluate 3111 + -3121 - (-66 + -1).
57
Calculate -75 + 24 + (-2 + 3 - (26 + -17)).
-59
Calculate (15 + -12 - -